{"id":36,"date":"2017-09-15T18:22:23","date_gmt":"2017-09-15T16:22:23","guid":{"rendered":"http:\/\/wese-love.pl\/?page_id=36"},"modified":"2019-03-13T18:00:09","modified_gmt":"2019-03-13T17:00:09","slug":"kontakt","status":"publish","type":"page","link":"https:\/\/wese-love.pl\/index.php\/kontakt\/","title":{"rendered":"Kontakt"},"content":{"rendered":"<h1 style=\"text-align: center;\"><strong>WeseLove Fotobudka<\/strong><\/h1>\n<p style=\"text-align: center;\">kontakt@wese-love.pl<\/p>\n<p style=\"text-align: center;\">tel. 503 961 177<\/p>\n<p style=\"text-align: center;\">Znajd\u017a nas na Facebooku &#8211; www.facebook.pl\/WeseLovee<\/p>\n<p style=\"text-align: center;\"><div role=\"form\" class=\"wpcf7\" id=\"wpcf7-f194-o1\" lang=\"pl-PL\" dir=\"ltr\">\n<div class=\"screen-reader-response\"><\/div>\n<form action=\"\/index.php\/wp-json\/wp\/v2\/pages\/36#wpcf7-f194-o1\" method=\"post\" class=\"wpcf7-form\" novalidate=\"novalidate\">\n<div style=\"display: none;\">\n<input type=\"hidden\" name=\"_wpcf7\" value=\"194\" \/>\n<input type=\"hidden\" name=\"_wpcf7_version\" value=\"4.9\" \/>\n<input type=\"hidden\" name=\"_wpcf7_locale\" value=\"pl_PL\" \/>\n<input type=\"hidden\" name=\"_wpcf7_unit_tag\" value=\"wpcf7-f194-o1\" \/>\n<input type=\"hidden\" name=\"_wpcf7_container_post\" value=\"0\" \/>\n<\/div>\n<p><label> Imi\u0119(wymagane)<br \/>\n    <span class=\"wpcf7-form-control-wrap your-name\"><input type=\"text\" name=\"your-name\" value=\"\" size=\"40\" class=\"wpcf7-form-control wpcf7-text wpcf7-validates-as-required\" aria-required=\"true\" aria-invalid=\"false\" \/><\/span> <\/label><\/p>\n<p><label> Adres email (wymagane)<br \/>\n    <span class=\"wpcf7-form-control-wrap your-email\"><input type=\"email\" name=\"your-email\" value=\"\" size=\"40\" class=\"wpcf7-form-control wpcf7-text wpcf7-email wpcf7-validates-as-required wpcf7-validates-as-email\" aria-required=\"true\" aria-invalid=\"false\" \/><\/span> <\/label><\/p>\n<p><label> Tre\u015b\u0107 wiadomo\u015bci<br \/>\n    <span class=\"wpcf7-form-control-wrap your-message\"><textarea name=\"your-message\" cols=\"40\" rows=\"10\" class=\"wpcf7-form-control wpcf7-textarea\" aria-invalid=\"false\"><\/textarea><\/span> <\/label><\/p>\n<p><input type=\"submit\" value=\"Wy\u015blij\" class=\"wpcf7-form-control wpcf7-submit\" \/><\/p>\n<input type=\"hidden\" id=\"ct_checkjs_cf7_e1e32e235eee1f970470a3a6658dfdd5\" name=\"ct_checkjs_cf7\" value=\"0\" \/><script type=\"text\/javascript\" >setTimeout(function(){var ct_input_name = \"ct_checkjs_cf7_e1e32e235eee1f970470a3a6658dfdd5\";if (document.getElementById(ct_input_name) !== null) {var ct_input_value = document.getElementById(ct_input_name).value;document.getElementById(ct_input_name).value = document.getElementById(ct_input_name).value.replace(ct_input_value, '04b51595bd54394f373e7f353eab18c8d7d07c853f8a4bd46e4d8af372d25ccc');}}, 1000);<\/script><input \n        id=\"apbct__email_id__wp_contact_form_7_11753\" \n        class=\"apbct__email_id__wp_contact_form_7\" \n        autocomplete=\"off\" \n        name=\"apbct__email_id__wp_contact_form_7_11753\"  \n        type=\"text\" \n        value=\"\" \n        size=\"30\" \n        maxlength=\"200\" \n    \/><input \n        id=\"apbct_event_id\"\n        name=\"apbct_event_id\"\n        type=\"hidden\" \n        value=\"11753\" \n            \/><div class=\"wpcf7-response-output wpcf7-display-none\"><\/div><\/form><\/div><\/p>\n<div class='sfsi_Sicons' style='width: 100%; display: inline-block; vertical-align: middle; text-align:left'><div style='margin:0px 8px 0px 0px; line-height: 24px'><span>Zobacz nas:<\/span><\/div><div class='sfsi_socialwpr'><div class='sf_subscrbe' style='text-align:left;float:left;width:64px'><a href=\"http:\/\/www.specificfeeds.com\/widgets\/emailSubscribeEncFeed\/enVhL3ZDVXdxQUxhaFA2ZWJ2T1JReUJXNEdsaWRYaGRqU0dBS09lMlZkTlkwNGxpQXl3YlZZUVk0RXBtd2tLU0pEWXNoNnZJVFNLNUV1dmJVUHEzNy9hY09ZZloyZGdiN2ZRYjQreXp3UjkwSVhQczNwOWRZV0lJZlRERHVYVzh8dTkvQVdYSU1MNXV0STljUkJ6NVpobnU1Zk01eWwvK0V5TmdBV1NIeERabz0=\/OA==\/\" target=\"_blank\"><img src=\"https:\/\/wese-love.pl\/wp-content\/plugins\/ultimate-social-media-icons\/images\/follow_subscribe.png\" \/><\/a><\/div><div class='sf_fb' style='text-align:left;width:52px'><div class=\"fb-like\" href=\"https:\/\/wese-love.pl\/index.php\/kontakt\/\" width=\"180\" send=\"false\" showfaces=\"false\"  action=\"like\" data-share=\"false\" data-layout=\"button\" ><\/div><\/div><div class='sf_google' style='text-align:left;float:left;max-width:62px;min-width:35px;'><div class=\"g-plusone\" data-href=\"https:\/\/wese-love.pl\/index.php\/kontakt\/\" data-size=\"large\" data-annotation=\"none\" ><\/div><\/div><\/div><\/div>","protected":false},"excerpt":{"rendered":"<p>WeseLove Fotobudka kontakt@wese-love.pl tel. 503 961 177 Znajd\u017a nas na Facebooku &#8211; www.facebook.pl\/WeseLovee Zobacz nas:<\/p>\n","protected":false},"author":1,"featured_media":0,"parent":0,"menu_order":0,"comment_status":"closed","ping_status":"closed","template":"","meta":[],"_links":{"self":[{"href":"https:\/\/wese-love.pl\/index.php\/wp-json\/wp\/v2\/pages\/36"}],"collection":[{"href":"https:\/\/wese-love.pl\/index.php\/wp-json\/wp\/v2\/pages"}],"about":[{"href":"https:\/\/wese-love.pl\/index.php\/wp-json\/wp\/v2\/types\/page"}],"author":[{"embeddable":true,"href":"https:\/\/wese-love.pl\/index.php\/wp-json\/wp\/v2\/users\/1"}],"replies":[{"embeddable":true,"href":"https:\/\/wese-love.pl\/index.php\/wp-json\/wp\/v2\/comments?post=36"}],"version-history":[{"count":5,"href":"https:\/\/wese-love.pl\/index.php\/wp-json\/wp\/v2\/pages\/36\/revisions"}],"predecessor-version":[{"id":179,"href":"https:\/\/wese-love.pl\/index.php\/wp-json\/wp\/v2\/pages\/36\/revisions\/179"}],"wp:attachment":[{"href":"https:\/\/wese-love.pl\/index.php\/wp-json\/wp\/v2\/media?parent=36"}],"curies":[{"name":"wp","href":"https:\/\/api.w.org\/{rel}","templated":true}]}}